-p + 23. Calculate the highest common factor of 7 and k.
7
Suppose 0 = 5*z + 3*c + 21 - 82, -2*z = 3*c - 28. Suppose 0 - z = -b. What is the greatest common factor of 33 and b?
11
Let g = 268 + 92. What is the highest common divisor of g and 36?
36
Let a be -1 + (4*-1)/(-2). Let j be (-3)/a*(3 + -14). Calculate the greatest common factor of 22 and j.
11
Suppose 57 + 68 = 5*h. Calculate the greatest common factor of h and 50.
25
Suppose -1 = a - 17. Calculate the highest common divisor of 16 and a.
16
Let k(q) = -5*q. Let n be k(-1). Suppose 3*l + 295 = 8*l - n*f, -4*l + f = -224. Calculate the highest common divisor of l and 11.
11
Suppose -o - 676 = -5*o. Suppose s - 57 = -0*s + x, -3*s = -2*x - o. What is the greatest common divisor of s and 5?
5
Let q = 20 - 10. What is the greatest common factor of q and 25?
5
Suppose z + 172 + 144 = 0. Let h be z/(-3) - 12/36. What is the highest common divisor of h and 21?
21
Let j be (-20)/(-90) - 237/(-27). Calculate the greatest common factor of 9 and j.
9
Suppose -v + 5 = -3. Let c(p) = 2*p**2 + 15*p**2 + 4*p - 13 + p**3 - 7*p**2. Let d be c(-9). What is the highest common factor of d and v?
8
Let z = 12 - 4. Let o = z - -3. Calculate the highest common factor of o and 1.
1
Let g be (-60)/(-4)*(21/(-15) - -2). What is the highest common factor of 27 and g?
9
Let u(s) = s**2 - 2*s - 2. Let i be u(3). Suppose 2*y = -2*y + 8, -3*p - 5*y + 34 = 0. Calculate the highest common factor of p and i.
1
Let q be 6/(-9)*243/(-2). Calculate the greatest common divisor of q and 27.
27
Let g = -9 - -27. Let i = g - -14. Suppose 2*l - 4*l = -16. Calculate the greatest common factor of i and l.
8
Let l be (-16)/(-6) + (-6)/9. Let c be (l/(-6))/(2/(-30)). What is the greatest common divisor of 5 and c?
5
Suppose -4*j + 45 = i - 3*j, 3*i - j - 135 = 0. Suppose 9*b - i = 4*b. Let s be 27/12*(-12)/(-1). What is the greatest common factor of b and s?
9
Suppose 0 = 2*g - 3*u, u - 13 = -5*g + 4. What is the greatest common divisor of g and 54?
3
Let h = 5 + -3. Suppose o - 36 = 4*b, -h*o = -3*o + 4. Let u = b + 20. Calculate the highest common divisor of 6 and u.
6
Let b be 240/(-140)*28/(-6). Suppose 2*o = -0 + 2. Let n be o/((2/16)/1). What is the greatest common factor of b and n?
8
Let j(q) = -q**2 - q - 1. Let l(m) = 7*m**3 - 2*m**2 + 5*m + 1. Let k(a) = 2*j(a) + l(a). Let s be k(2). What is the highest common divisor of s and 18?
9
Suppose 121 = 11*x - 231. Calculate the highest common divisor of 32 and x.
32
Let p = -52 + 132. Suppose 2*v - 5*f = -0*f + 32, -5*v - 4*f = -p. Let u = 69 - -43. What is the greatest common factor of u and v?
16
Let c(g) = -g**2 + g + 53. Let p be c(0). Let a = 25 - p. Let q = -12 - a. Calculate the greatest common divisor of q and 112.
16
Suppose 0 = 3*c + 3*d - 24, 2*d = c + d. Let s be (-445)/(-35) + c/14. What is the greatest common factor of 104 and s?
13
Let l(v) = -3*v**3 - 2*v**2 + 2*v - 2. Let j be l(2). Let g be j*(3 - 14/4). Calculate the greatest common factor of g and 165.
15
Let m(w) = -w**3 + w + 28. Let f be m(0). Let i = f - -1. Let k = i + -17. What is the highest common divisor of 36 and k?
12
Let d(t) = -10*t - 7. Let s be d(-8). Let p = s + -52. Let b = 27 + -13. What is the greatest common factor of p and b?
7
Suppose g - 153 = -8*g. What is the greatest common factor of 34 and g?
17
Let t be 2 - 1 - 5*-1. Suppose 4*p - 2*v = t, 3*p + 5*v - 5 - 6 = 0. Suppose 0 = 4*x - 42 - 14. What is the greatest common factor of p and x?
2
Suppose 4*c + c - 500 = 0. Suppose c = j + 4*j. What is the highest common factor of j and 4?
4
Let r(t) = -18*t**3 - 2*t**2 + 1. Let z be r(-1). Let h = -23 - -74. What is the highest common factor of h and z?
17
Let h(r) = -r - 13. Let u be h(-7). Let s = u + 48. Let k = 20 - 14. Calculate the greatest common divisor of s and k.
6
Suppose -v = 6 - 1. Let t = 15 + v. Let z = -125 + 205. Calculate the greatest common divisor of t and z.
10
Let u = 353 + -517. Let f = u + 260. Calculate the highest common factor of 12 and f.
12
Let o(u) = -7*u**3 + u**2 - 3*u - 1. Let l be o(-2). Let r = 81 + -55. Calculate the highest common factor of l and r.
13
Suppose 3*y - 60 = -3*y. What is the highest common divisor of y and 4?
2
Let b be ((-232)/10)/(342/45 - 8). Calculate the highest common divisor of 522 and b.
58
Let j be (-154)/(-2) + (-4 - -5). Calculate the greatest common factor of j and 52.
26
Suppose h - 12 = -2*h. Let f = h - 1. Suppose 2*p - 4*i - 23 = -f, -3*p + 23 = i. What is the highest common factor of 20 and p?
4
Let o(j) = j**2 - 2*j - 10. Let v be o(5). Let i be (4/v)/((-16)/(-120)). Calculate the highest common factor of i and 30.
6
Let z = 80 - 36. Let h(t) = -11*t. Suppose -2*g - 5*a + 19 + 4 = 0, 14 = -4*g + 2*a. Let o be h(g). What is the highest common factor of z and o?
11
Let d be ((-2)/3)/((-7)/21). Suppose -q + 8 = 5*f - 38, -d*f = -4*q - 14. Calculate the highest common divisor of 9 and f.
9
Let f(a) = a**2 + 2*a. Let j be f(-3). Let u be (-2 + j)/(-2 - -3). What is the highest common divisor of 3 and u?
1
Suppose 2*f - 32 = -t, 26 + 14 = 2*f - 3*t. Let u(h) = 35*h**2 + h - 2. Let y be u(1). What is the highest common divisor of f and y?
17
Suppose 7 = 5*d - 3. Suppose -60 = -d*k - f, -2*k - f = f - 60. Suppose 0 = -z - z + k. What is the greatest common divisor of 10 and z?
5
Suppose u = 5*u - 44. Let i be u - 2/4*0. Let r(q) = q**3 + 12*q**2 - 7*q - 7. Let h be r(-12). What is the greatest common divisor of i and h?
11
Let b(y) = -y**2 + 15*y + 8. Let p be b(7). Suppose 3*a - 3*g = -4*g + 46, 0 = -2*a - 5*g + 22. Calculate the greatest common factor of a and p.
16
Suppose -3*s - 4*q + 72 = 0, s + 8*q - 3*q - 13 = 0. Suppose 3*o + 1 = 22. What is the highest common factor of o and s?
7
Let f = 73 + 7. Let m = -58 - -90. What is the greatest common factor of f and m?
16
Suppose 3*j - 4 = -j. Let f be (-2)/5 - (-13)/(-5). Let x(o) = -o - 1. Let r be x(f). What is the greatest common divisor of j and r?
1
Let j be 1*(-6)/3 - -3. Suppose 7 - 1 = -3*y. Let h be (-1 - 1/(-2))*y. Calculate the greatest common divisor of j and h.
1
Suppose -h + 700 = 4*h. Suppose -244 = -3*s + h. What is the highest common divisor of 16 and s?
16
Let j = 36 - 1. Let i(v) be the second derivative of -v**4/12 - 7*v**3/6 + 2*v**2 + 3*v. Let u be i(-5). What is the greatest common factor of u and j?
7
Let m = 3 - 1. Let x(l) = l**2 + l - 1. Let s be x(-2). Calculate the greatest common divisor of s and m.
1
Let w = -9 - -22. Calculate the greatest common factor of 65 and w.
13
Let j(o) = 3*o**2 + 4*o + 2. Let x be j(-2). Let h = x + -1. Suppose -3 = h*i - 53. Calculate the greatest common divisor of i and 100.
10
Let y(m) = -13*m + 4. Let h be y(-7). Let a be (-4)/(-6) - (-275)/15. Calculate the highest common factor of h and a.
19
Let h(a) = -96*a. Let o be h(-1). Let d be (7/(-14))/(1/(-50)). Suppose 0 = 3*l + 3, -4*l = -4*j + d + 27. Calculate the greatest common factor of o and j.
12
Suppose 3*r - 26 + 2 = 0. Let z(v) = -2*v - 6. Let p be z(-4). What is the highest common divisor of r and p?
2
Suppose 59 - 16 = h. Let v = h + -23. Let t = -141 + 201. What is the greatest common divisor of t and v?
20
Let c(h) = -h**2 - 5*h + 7. Let a be c(-5). What is the highest common factor of a and 56?
7
Let n(v) = -v**2 - 8*v. Let b be n(-6). Suppose c + b = 2*c. Let h = -1033 + 1081. What is the greatest common factor of c and h?
12
Suppose -4*b = -2*b - 34. Let f be (10/(-3))/(4/102). Let a be f*(-1 - -2)/(-1). What is the highest common factor of b and a?
17
Let s(o) = o - 3. Let n be s(10). Let d(j) = -j**2 + 8*j - 4. Let m be d(n). Calculate the greatest common divisor of 9 and m.
3
Let p(o) be the second derivative of o**5/20 + 2*o**4/3 - 2*o**3 + 9*o**2/2 - 4*o. Let f be p(-9). What is the highest common divisor of 12 and f?
12
Suppose 4*t = 5*t - 24. What is the greatest common factor of 168 and t?
24
Suppose 2*n - 36 = -n. What is the greatest common divisor of n and 204?
12
Suppose 4*l = 3*u - 78, 5*l = -2*u + 16 + 59. Calculate the highest common factor of u and 40.
10
Let h = 81 - 41. Calculate the highest common divisor of h and 10.
10
Suppose 4*k + 3*t - 183 = 198, -2*t + 6 = 0. What is the highest common divisor of k and 31?
31
Suppose -3*b 